 = k + 7. Let i(s) = -4*s**2 - 3. Let n(a) = 7*a**2 + a + 6. Let d(y) = 5*i(y) + 3*n(y). Give d(g).
7
Let s be 0/(1/(-1)) + 4. Let u be (s/3)/(4/6). Let t(d) = -5*d - 1. Give t(u).
-11
Let b(a) be the first derivative of a**2/2 - a - 3. Let n be b(4). Suppose 3*o + n = -12. Let j(k) = k**2 + 6*k - 1. Determine j(o).
-6
Let m(i) = 5*i**2 + 2*i. Let l(j) be the first derivative of 14*j**3/3 + 5*j**2/2 - 2. Suppose o = 5*o + 68. Let q(n) = o*m(n) + 6*l(n). What is q(-3)?
3
Let d(j) = -2*j**3 + 3*j**2 - j - 2. Suppose -9 = -4*b + 3*o, -o - 15 = 4*o. Suppose 10 = -b*f + 5*f. Give d(f).
-8
Let i be 1*(8 - 2)*2/3. Suppose 3*y + 4 = 19. Let f(j) = -j**2 + 6*j + y*j - 6*j. What is f(i)?
4
Let p(d) = -d - 12. Let v(l) = -l**2 - 5*l - 6. Let w = -7 - -2. Let u be v(w). Determine p(u).
-6
Let r(l) be the third derivative of -5*l**4/6 - l**3/6 + l**2. What is r(-1)?
19
Suppose -2 = -n - 1. Let x(a) = -a**3 + a**2 + 1. Let r(p) = 5*p**3 - 8*p**2 - 4*p - 7. Let q(h) = n*r(h) + 4*x(h). Give q(5).
2
Let a be (-90)/25*(-20)/(-6). Let k be (a/(-10))/(8/20). Let d(p) be the third derivative of p**4/12 + p**3/6 - 3*p**2. Determine d(k).
7
Let z be (-39)/(-15) - (-2)/5. Let q be z/6*-1*-8. Let p(a) = 5 - 3 + a - q - 2*a. What is p(-2)?
0
Suppose 4*o = 5*a - 1, -2*o = 2*o - 3*a + 7. Let i(s) = -5*s + 1. Let q(n) be the first derivative of n**2 - 1. Let b(y) = -6*i(y) - 17*q(y). Calculate b(o).
10
Let m be (-7)/(-2) + 5/(-10). Let d(a) = -a - 5. Let w be d(-6). Let r(g) = g - 5 + 0*g - w. What is r(m)?
-3
Let o = 0 - -3. Suppose -4*d - 8 = -2*f, -4*d - 6 = -o*f + 4. Let q(x) = x**2 - 3*x - 1. What is q(f)?
-3
Let x(l) = -3*l**2 - 20*l - l**3 + 22*l - 5 + 0 + 2. Let j(q) be the second derivative of -q**5/5 - q**4/12 + q**2/2 + 4*q. Let n be j(1). Calculate x(n).
5
Let f(k) be the second derivative of 2/3*k**3 + 1/12*k**4 + 0 + 4*k - 1/20*k**5 - 3/2*k**2. Determine f(3).
-9
Let u(a) be the third derivative of -a**5/60 + a**4/24 + a**3/6 - 8*a**2. Calculate u(2).
-1
Let g(p) = 2*p**3 + 3*p**2 + 3*p - 2. Let b(n) = -n**3 - 2*n**2 - 2*n + 1. Let c(v) = 5*b(v) + 3*g(v). Determine c(2).
1
Let j(n) = -6*n + 37. Let s be j(6). Let b(c) = -8*c. What is b(s)?
-8
Let u(z) = -z**2 + 7*z + 1. Suppose 2*n = 2*d + 26, -5*n - 2*d + 43 = 13. Give u(n).
-7
Let o(r) = 4*r**3 - 4*r**2 - 7*r + 9. Let q(w) = -3*w**3 + 5*w**2 + 7*w - 9. Let c(b) = 4*o(b) + 5*q(b). What is c(-8)?
-1
Let z(j) = j**3 + 4*j**2 - 6*j - 7. Let w = -28 + 23. Determine z(w).
-2
Let r(g) = -g + 16. Suppose 0 = -2*n + 5*n. What is r(n)?
16
Let t(c) = c + 2. Let q(h) = h**2 - 12*h - 8. Let w be q(13). Give t(w).
7
Suppose 3*z + 6*b + 18 = 5*b, -5*b = 0. Let m(f) = -f**3 - 5*f**2 + 7*f + 2. Let u(l) = -l**3 - 5*l**2 + 7*l + 2. Let g(i) = -6*m(i) + 5*u(i). Determine g(z).
4
Let c(r) = r + 8. Let f be c(10). Let z be f/(-8) + (-4)/(-16). Let i(u) = -2*u. Determine i(z).
4
Let t be 1/((-3)/(-6) + 0). Suppose 2*b + 3*l + 6 = 5*l, 0 = -5*l + 25. Let o(u) = -b - t + 5 + u. What is o(-3)?
-2
Let k(b) = -3*b + 1. Let q be k(3). Let n(u) = u**3 + 7*u**2 - 6*u + 10. Calculate n(q).
-6
Let x(d) = d**2 - d. Let m be -1 + 0 - (-5 + 3). Calculate x(m).
0
Let s(r) = r**3 - 6*r**2 - 4*r + 2. Suppose -t + 26 = -4*m, -3*m - 21 = 2*t - 3*t. Calculate s(t).
-22
Let k(z) = 3*z**3 - z**2 - 5*z - 5. Let a(t) = t**3 - 14 + 14 - t + t**2. Let h(q) = 2*a(q) - k(q). Calculate h(4).
1
Suppose 4 = 5*t - 3*t. Let s = t + 2. Let u(z) be the third derivative of -z**5/60 + z**4/8 - 2*z**3/3 - 2*z**2. Calculate u(s).
-8
Suppose 3*n - 4*l = 2*n + 5, -5*l = 0. Let j = -7 + n. Let u = -5 - j. Let f(w) = w**3 + 4*w**2 - w - 4. What is f(u)?
8
Let z(t) = -t**2 + 2*t - 2. Let m(i) = 1. Let y(u) = 6*m(u) + z(u). Determine y(3).
1
Suppose 0 = -2*w + w. Let y(o) = o**2 + o + 3. Let n be y(0). Let l(x) = x**2 - 2 + n - x + 2. What is l(w)?
3
Let n(l) = l**2 + 7*l - 12. Suppose -3*j = -b - 18, 2*b = 6*b + 4*j + 24. Let y be n(b). Let p(t) = -2 + 4 - t - 1 - 2. Calculate p(y).
-7
Let f(d) = -2*d + 6. Let s(b) = b - 1. Let r = 4 - 5. Let y(c) = r*f(c) - 4*s(c). Determine y(-6).
10
Let o(g) = 3 - 5 + 2 - g. Let n(r) = r**2 + 14*r + 3. Let j be n(-14). What is o(j)?
-3
Let j(z) be the second derivative of -z**3/2 + 3*z**2/2 - 9*z. Give j(4).
-9
Suppose -m + 18 = 3*i - 5*m, -4*i - 4*m - 4 = 0. Let b(z) = -z + 2*z**i - 4*z - 2 - 1. Give b(4).
9
Let k(x) = 3*x - 5. Let m(a) = a - 1. Let s(g) = k(g) - 2*m(g). Determine s(3).
0
Suppose n - 2 = 2. Suppose 0 = 5*p - 25, n*w - p = -5. Let r(y) be the first derivative of -y**2/2 - 6*y - 1. Determine r(w).
-6
Let i be 18*((-5)/2 - -3) + -3. Let z(w) = 2*w - 8. Give z(i).
4
Let f(r) = -r**2 + 6*r + 4. Let d be (14 + 0)*8/16. Calculate f(d).
-3
Suppose -i + 2 = -5*g + 10, 0 = -5*g + 10. Let l be ((-4)/5)/(2/(-5)). Suppose l*k - 4*q + 4 = 0, -5*k - 3*q = -i*k - 3. Let a(v) = -v + 2. What is a(k)?
2
Let z(n) = 3*n**2 + 5*n. Let j(l) = 5*l**2 + 8*l. Let c(g) = -g**2 + 8*g - 4. Let b be c(6). Let q(t) = b*z(t) - 5*j(t). Let s be 6/(-8) - 3/12. Calculate q(s).
-1
Let h(u) be the second derivative of u**4/12 + u**3/2 - u**2 - 28*u. Calculate h(2).
8
Let v(q) be the second derivative of -q**5/20 - 3*q**4/4 + q**3/6 + 2*q**2 + 25*q. What is v(-9)?
-5
Let t = 34 + -14. Suppose -a + t = 4*g, 3*g - a - 32 + 10 = 0. Suppose -4*q + 3*b - 9 = -2, -3*b + g = -3*q. Let x(z) = 2*z**2 + 1. Determine x(q).
3
Suppose 0 = 4*m + 2 - 10. Let c = m + -3. Let w(j) = -3*j. Let h(k) = -16*k. Let s(y) = -2*h(y) + 11*w(y). Give s(c).
1
Suppose 25 = 5*o - 2*g + 5*g, 0 = -4*o + 5*g - 17. Let i(h) = 6*h**3 - 3*h**o + 4*h**2 - h + h. Give i(1).
7
Let r(w) = w**2 + 5*w + 6. Let v be r(-3). Suppose -5*p + 4 = -11. Let b(m) = -m**2 - 3*m**p + m - 1 - 2 + 4*m**3. What is b(v)?
-3
Let g(n) = 7. Let l(o) = -o + 35. Let z(t) = -11*g(t) + 2*l(t). Calculate z(-7).
7
Suppose -4*n + q + 4*q + 1 = 0, 8 = -5*n - 3*q. Let r be (-1)/n*(1 + 13). Let u be 10/(-25) + r/10. Let i(d) = -4*d. Give i(u).
-4
Suppose -12 = -v - 3*v. Let b be (-3)/(v*(-1)/2). Let i(j) = -2*j**2 + 3*j + j + b - 3*j + j**3. Give i(2).
4
Let k(i) = i**3 - 2*i**2 - 9*i + 6. Let v be k(4). Let c(r) = 3*r + 4 + r**2 - 4*r**v + 2*r**2. Determine c(5).
-6
Let f(x) = -x**2 - 6*x - 9. Let q be f(-6). Let c(b) = -b**2 - 8*b - 1. Calculate c(q).
-10
Suppose 0 = 3*q - 0*q - 18. Let o(j) = 7 + q*j - 7. Let u be (-12)/(-7) - 8/(-28). What is o(u)?
12
Suppose -2*a + 11 = -a. Let k(v) = 3*v + 6. Let p(l) = 7*l + 11. Let q(g) = a*k(g) - 6*p(g). Give q(-1).
9
Let q(r) = 2*r**2 + 5*r + 2. Let s be -3 - (0 + -4) - 4. Determine q(s).
5
Let a(j) = 3*j**3 - j - 2*j**2 + 7*j**2 - 4*j**3 + 2 - 4*j. Give a(4).
-2
Let v be (1/(-2))/(1/(-12)). Let i(f) = f**3 - 6*f**2 - f + 5. Give i(v).
-1
Let g(q) = q - 5. Let d(u) = -1. Let y(f) = 3*d(f) - g(f). Let z be y(0). Let j(o) = 2*o**2 - 4*o + 3. What is j(z)?
3
Let o(v) be the first derivative of 1 + 0 + 3 - 2*v**2 + 0*v**2 + v. Let b = -5 + 4. Give o(b).
5
Let g = 12 - 7. Let a(p) = -5 + g*p - 3*p + 0*p + 1. Suppose 5*d - d - 12 = 0. Calculate a(d).
2
Let z(a) be the first derivative of a**3/3 - 3*a**2 - 2*a - 17. Determine z(5).
-7
Let s(y) = y**3 + y**2 + y + 4. Suppose 0 = -5*f + z - 5, 3*f + 4 - 14 = -2*z. What is s(f)?
4
Suppose -5*w + 2 + 3 = 0. Let g(f) = f + 2 + 4 - w. Suppose o + 0*o = -3, -5*y + o - 27 = 0. Give g(y).
-1
Let h be (3 + -2)/((-4)/(-4)). Let x(y) = 0 + h + 1 + 2 + 2*y. Determine x(-5).
-6
Let y(r) = -2*r**2 + r. Let c = -38 - -39. Give y(c).
-1
Let l(f) = -f**3 + 6*f**2 + 5*f + 6. Let c be l(7). Let u(n) = n**3 + 7*n**2 - 6*n. What is u(c)?
-16
Suppose -8 = -m - 4*k, -3*k = 5*m + k - 8. Let f(j) be the first derivative of j**4/24 - j**2/2 + 3. Let h(n) be the second derivative of f(n). What is h(m)?
0
Let p(v) = -4*v + 18. Let l be p(6). Let c(j) = -j**3 - 5*j - 7*j**2 + 3*j**3 + 7 - 3*j**3. Determine c(l).
1
Let v(s) = s**2 + 5*s + 4. Let p = 3 - 8. Determine v(p).
4
Let s(t) = -t + 1. Let b be s(-2). Suppose b*c + 12 = 6*c. Suppose -q = c*q + 20. Let r(h) = h**2 + 4*h - 1. Determine r(q).
-1
Let x(u) = -u**2 - 3*u**3 + 2*u**3 + 6*u - 1 + 5*u**2. Let i(s) = s**3 + 5*s**2 + s - 3. Let l be i(-5). Let z be (-42)/l - (-2)/(-8). What is x(z)?
4
Let c(a) = -4*a**3 - 7*a**2 - 5*a + 9. Let w(j) = 3*j**3 + 7*j**2 + 4*j - 8. Let k(x) = -4*c(x) - 5*w(x). Give k(7)